d?
-a314
In base 4, what is -11 + 201213?
201202
In base 12, what is -65 + 97a3?
973a
In base 15, what is 32 - -203c9?
2040b
In base 5, what is -11 + 41342240?
41342224
In base 12, what is b3286 - -2?
b3288
In base 5, what is 10 - 1103144?
-1103134
In base 14, what is -1 + -2589?
-258a
In base 7, what is 13 - -1200533?
1200546
In base 15, what is -2e - -5a6b?
5a3c
In base 14, what is -5 + b6d7?
b6d2
In base 4, what is -12 + -30010001?
-30010013
In base 12, what is -5 + b799?
b794
In base 13, what is -b6 + -5ab?
-694
In base 10, what is -36015 + -34?
-36049
In base 13, what is 3 + 7b468?
7b46b
In base 3, what is 11111012 - 100221?
11010021
In base 3, what is 102220211 + -21?
102220120
In base 5, what is -22341031 - 4?
-22341040
In base 2, what is -1010100010 - -11010001110?
1111101100
In base 6, what is -12421 - 24?
-12445
In base 11, what is -1 + 5219?
5218
In base 16, what is 7ab + -7?
7a4
In base 16, what is -b867a + 4?
-b8676
In base 3, what is 12 - -12012210?
12012222
In base 9, what is -2322 + 14?
-2307
In base 5, what is -4110220 - 0?
-4110220
In base 16, what is 4 - -4d5?
4d9
In base 15, what is 35 + 4b21?
4b56
In base 8, what is 114412 + 2?
114414
In base 9, what is -133632 + 2?
-133630
In base 2, what is 1111 + -100000010100100011?
-100000010100010100
In base 8, what is 106757 + 3?
106762
In base 16, what is 1a05 + 2bc?
1cc1
In base 2, what is -10111111101110101 + 11?
-10111111101110010
In base 9, what is 7 - -46351?
46358
In base 16, what is 2c + -1f5?
-1c9
In base 7, what is 5 - -1056661?
1056666
In base 16, what is 9606 - 5?
9601
In base 8, what is -3 + 510765?
510762
In base 12, what is 22 + -1014a?
-10128
In base 7, what is 1 - 154600?
-154566
In base 7, what is -1 - -24510?
24506
In base 13, what is b7 - 1a4?
-ba
In base 11, what is -7 - -915?
909
In base 16, what is -e764 - -5?
-e75f
In base 4, what is 2 + -101102120?
-101102112
In base 14, what is -7d8 - -16?
-7c2
In base 3, what is 0 - 112112210?
-112112210
In base 9, what is 62630 + 10?
62640
In base 15, what is -67 + -11?
-78
In base 6, what is 2 + -3051504?
-3051502
In base 15, what is 5 - -3891?
3896
In base 6, what is 0 - -402304?
402304
In base 6, what is 103152 - 13?
103135
In base 7, what is 13 - 26242?
-26226
In base 8, what is 3 - -521312?
521315
In base 7, what is 11 + 5305?
5316
In base 2, what is 1 - -10101111000010?
10101111000011
In base 14, what is -734 + -5?
-739
In base 9, what is 5 + -236153?
-236147
In base 14, what is 1 - 7254?
-7253
In base 16, what is -39 + 129?
f0
In base 13, what is 23100 - 0?
23100
In base 8, what is -43112 + 206?
-42704
In base 2, what is -1101100100000011 + 100101?
-1101100011011110
In base 4, what is 3 - -22323011?
22323020
In base 8, what is 3401 - -13?
3414
In base 3, what is 2010 + 221002011?
221011021
In base 8, what is -13317 + -7?
-13326
In base 7, what is -20 - -3313?
3263
In base 11, what is -424 + -2?
-426
In base 16, what is -2 + 338?
336
In base 11, what is -45935 + -13?
-45948
In base 6, what is 4234355 - -2?
4234401
In base 12, what is -11 - -5665?
5654
In base 12, what is 104700 - -2?
104702
In base 13, what is 29 + 346?
372
In base 2, what is 1 - 1001001110011000110?
-1001001110011000101
In base 5, what is -24 - 4414?
-4443
In base 12, what is -11 - 10450?
-10461
In base 16, what is 12 + -477f?
-476d
In base 4, what is 333 + -33212?
-32213
In base 8, what is -1 - 6016?
-6017
In base 15, what is 3b9 + 1c?
3d6
In base 6, what is -30 + 154225?
154155
In base 12, what is 54b7b - -4?
54b83
In base 2, what is -100010011 + -10001110?
-110100001
In base 4, what is 2001121 - -2?
2001123
In base 15, what is 92 - 57?
3a
In base 9, what is 1470 - 81?
1378
In base 13, what is 6b9775 - -1?
6b9776
In base 11, what is 1505 + -28?
1488
In base 16, what is -3 + 99c4?
99c1
In base 3, what is 12101 + 22121?
111222
In base 12, what is 71 - 368?
-2b7
In base 2, what is 11 + 11010110110100000?
11010110110100011
In base 14, what is -c7a - -6?
-c74
In base 8, what is -137067 - -47?
-137020
In base 4, what is 0 - 13232202?
-13232202
In base 4, what is -1231122 + -1?
-1231123
In base 13, what is -51c + 1c3?
-329
In base 6, what is 1 - -513530?
513531
In base 14, what is 7 - 7ca?
-7c3
In base 7, what is 4 - -1024235?
1024242
In base 13, what is -34349 - 5?
-34351
In base 5, what is -1 - 103224341?
-103224342
In base 14, what is 94a0 + 7?
94a7
In base 12, what is -116 - 4a66?
-4b80
In base 5, what is 4 + -2102010?
-2102001
In base 5, what is 10 + -2032?
-2022
In base 7, what is 6223 - 1056?
5134
In base 9, what is 4132432 + 4?
4132436
In base 11, what is -46 + 140?
a5
In base 6, what is 4 - 45034?
-45030
In base 3, what is -1002120 + 12012?
-220101
In base 11, what is -1554 + -268?
-1811
In base 7, what is 2 + 551550?
551552
In base 15, what is 2d5 + -2e7?
-12
In base 10, what is 344 + 1177?
1521
In base 4, what is 11013223 + 0?
11013223
In base 4, what is 21213 + 100233?
122112
In base 12, what is -5b0a - 1?
-5b0b
In base 11, what is 5 - -2491?
2496
In base 12, what is -4 - -10b399?
10b395
In base 3, what is 21112001100 + -222?
21112000101
In base 10, what is 0 + -176322?
-176322
In base 9, what is 1234 - -1601?
2835
In base 11, what is -13a0 + -20?
-1410
In base 3, what is -2 + 112011110201?
112011110122
In base 14, what is -21 - -1bd7?
1bb6
In base 2, what is 1100101101010110 + -11?
1100101101010011
In base 4, what is 3131121 + -32?
3131023
In base 16, what is -1685 + 7?
-167e
In base 15, what is -4 - -63154?
63150
In base 10, what is 790223 - 0?
790223
In base 10, what is -3723 - -50?
-3673
In base 11, what is -61a3 - -3?
-61a0
In base 14, what is 5083 - -5?
5088
In base 10, what is 3 - 135705?
-135702
In base 11, what is -2027 - -1097?
-a40
In base 12, what is -3b + -428b?
-430a
In base 15, what is e - 16ee9?
-16eda
In base 4, what is 112200 - 31?
112103
In base 15, what is -a7 + a4?
-3
In base 9, what is -78047 + -5?
-78053
In base 10, what is 8224 + -45?
8179
In base 4, what is -221202333 - -101?
-221202232
In base 3, what is 12 - 2110221?
-2110202
In base 9, what is -73437 - -5?
-73432
In base 11, what is -6 - -6842?
6837
In base 8, what is -1322316 + 5?
-1322311
In base 12, what is 118 + 391?
4a9
In base 11, what is 112027 - 1?
112026
In base 3, what is 100121200 - 1122?
100120001
In base 11, what is -13 - 7830?
-7843
In base 11, what is 23093 + 62?
23145
In base 3, what is -10 - -21211021122?
21211021112
In base 9, what is -110 + 1104?
884
In base 7, what is 102605412 - -2?
102605414
In base 16, what is -9e5c - 2?
-9e5e
In base 7, what is 616 + -516?
100
In base 6, what is 5 + 132051?
132100
In base 8, what is -5 - -3742621?
3742614
In base 12, what is -12121 - 0?
-12121
In base 6, what is -103134 - -3?
-103131
In base 10, what is -2 - -130536?
130534
In base 6, what is -52440 + 5?
-52431
In base 3, what is 110111 + -111?
110000
In base 9, what is -2634101 + -3?
-2634104
In base 10, what is -31764 + 9?
-31755
In base 5, what is -1231010 - -10?
-1231000
In base 3, what is 2002221201100 - -10?
2002221201110
In base 10, what is -583079 - -4?
-583075
In base 11, what is -14a + 268?
119
In base 2, what is 100111 + 1000111010001?
1000111111000
In base 2, what is -10110110010000 + -101?
-10110110010101
In base 11, what is 2 + 3168?
316a
In base 13, what is b - 14b3?
-14a5
In base 12, what is 5637 - 7?
5630
In base 7, what is 0 + -4233442?
-4233442
In base 10, what is 370352 - 4?
370348
In base 4, what is 103022 + 20?
103102
In base 15, what is 96 - 9?
8c
In base 15, what is -5 + -3c201?
-3c206
In base 4, what is 2230 - -3323220?
3332110
In base 4, what is -3230321013 - 0?
-3230321013
In base 12, what is 696 + -4b0?
1a6
In base 16, what is 633 - -125?
758
In base 16, what is -1 - 1243b?
-1243c
In base 7, what is 15 + 106020?
106035
In base 7, what is -14 - 1503?
-1520
In base 7, what is 46356 - -2?
46361
In base 8, what is 533475 - -2?
533477
In base 14, what is -2 - -4a777?
4a775
In base 3, what is 10 - 1012110010?
-1012110000
In base 14, what is 4d14c7 - 3?
4d14c4
In base 16, what is -1c - -5f16?
5efa
In base 16, what is -1a5 - -a57?
8b2
In base 16, what is -43 + -490?
-4d3
In base 15, what is -211be + 1?
-211bd
In base 5, what is -30240 + -2?
-30242
In base 11, what is -40a + -161?
-570
In base 8, what is -247566 + -2?
-247570
In base